 -83*r**2 - 2489*r + 18. Give q(-30).
-12
Let g(m) = 36*m - 318. Calculate g(-20).
-1038
Let s(i) = -2*i**2 - 63*i - 71. Give s(-31).
-40
Let z(o) = 6956*o + 34782. What is z(-5)?
2
Let u(b) = -361*b + 5779. Determine u(16).
3
Let y(m) = 25*m + 44. Calculate y(-3).
-31
Let k(m) = -3789*m + 56850. Determine k(15).
15
Let s(u) = 2*u**3 - 158*u**2 + 159*u - 174. Calculate s(78).
60
Let x(p) = -p**3 - 60*p**2 + 61*p + 284. Give x(-61).
284
Let b(k) = k**3 + 3*k**2 - 6*k + 24. What is b(-6)?
-48
Let a(x) = -226*x + 1352. What is a(6)?
-4
Let n(j) = j**3 + 22*j**2 + 80*j - 58. What is n(-18)?
-202
Let j(w) = -w**2 + 60*w - 610. What is j(24)?
254
Let c(u) = -2*u**2 + 32*u - 53. What is c(13)?
25
Let u(z) = -48*z**2 - 32*z - 64. Give u(-2).
-192
Let z(j) = -j**3 + 157*j**2 - 6*j - 12. Determine z(0).
-12
Let g(t) = 148*t - 583. Calculate g(4).
9
Let i(m) = 15*m - 147. Calculate i(14).
63
Let n(m) = m**2 - 516*m - 2604. Calculate n(-5).
1
Let o(k) = k**3 - 32*k**2 - 153*k - 4. Calculate o(-4).
32
Let c(v) = 2*v**2 - 67*v + 145. Give c(31).
-10
Let r(i) = 2*i**2 - 12*i - 151. What is r(-7)?
31
Let u(h) = 25*h**2 + 17*h - 40. What is u(-2)?
26
Let j(c) = -349*c + 12327. Calculate j(35).
112
Let s(k) = -6*k**2 + 231*k - 280. Give s(37).
53
Let a(x) = 17*x**2 - 199*x + 140. Calculate a(11).
8
Let o(u) = 123*u - 608. What is o(3)?
-239
Let u(g) = 281*g - 1974. Calculate u(7).
-7
Let n(t) = -t**3 + 9*t**2 + 36*t + 14. Calculate n(12).
14
Let p(d) = -12*d**2 - 82*d - 14. Determine p(-7).
-28
Let h(o) = 2*o**3 + 10*o**2 - 109*o + 45. Give h(-10).
135
Let h(v) = 4*v**3 - 26*v**2 + 61*v - 26. Determine h(6).
268
Let u(j) = -12*j**2 + 5*j + 14. What is u(-3)?
-109
Let a(s) = 15*s**2 + 54*s - 1. Determine a(-2).
-49
Let w(j) = j**3 + 14*j**2 + 82*j + 1423. What is w(-15)?
-32
Let o(k) = -k**2 + 71*k + 1492. Determine o(-17).
-4
Let d(v) = 36*v - 1144. Determine d(32).
8
Let d(q) = q**3 - 12*q**2 + 21*q - 240. Determine d(12).
12
Let a(k) = -2*k**3 + k**2 + 105*k - 11. What is a(-7)?
-11
Let o(q) = q**3 - 13*q**2 - 74*q + 98. Calculate o(17).
-4
Let p(t) = t**3 + 15*t**2 - t + 11. Give p(0).
11
Let f(k) = k**2 + 38*k + 253. Determine f(-32).
61
Let d(r) = 4*r**3 + 462*r**2 + 680*r - 383. What is d(-114)?
73
Let y(n) = 2*n**2 - n - 70. What is y(9)?
83
Let x(n) = -n**3 - 13*n**2 + 16*n + 27. What is x(-14)?
-1
Let x(y) = -65*y - 517. Give x(-15).
458
Let u(a) = 32*a + 13. Determine u(-1).
-19
Let w(a) = 3*a**2 - 75*a - 28. Give w(21).
-280
Let k(z) = -186*z**2 - 932*z - 23. Calculate k(-5).
-13
Let s(x) = -133*x**2 + 13434*x - 106. Determine s(101).
-5
Let a(t) = t**3 + 35*t**2 + 30*t - 1185. What is a(-33)?
3
Let z(f) = -17*f - 66. What is z(-15)?
189
Let b(d) = d**3 + 15*d**2 - 129*d - 490. Give b(-3).
5
Let r(q) = 46*q + 990. Calculate r(-23).
-68
Let k(a) = -4*a**2 - 66*a + 113. Give k(-18).
5
Let d(u) = u**2 - 37*u + 232. Give d(8).
0
Let p(i) = -23*i - 44. Calculate p(-2).
2
Let n(d) = -d**3 - 24*d**2 + 3*d + 66. Determine n(-24).
-6
Let k(f) = -43*f**2 - 59*f + 59. Determine k(1).
-43
Let z(y) = 195*y - 1539. Determine z(8).
21
Let r(m) = -17*m + 216. Determine r(-24).
624
Let r(h) = -10*h**2 + 98*h - 159. Calculate r(4).
73
Let f(t) = -t**3 + 11*t**2 - 3*t - 24. Give f(10).
46
Let a(v) = -3*v**3 - 184*v**2 + 119*v - 270. Give a(-62).
40
Let z(n) = 102*n + 223. Determine z(-9).
-695
Let s(q) = q**3 - 15*q**2 + 23*q - 67. Determine s(0).
-67
Let a(h) = 2*h**2 + 101*h + 529. Give a(-6).
-5
Let j(s) = -39*s - 272. What is j(-6)?
-38
Let t(u) = -2*u**2 - 33*u. Determine t(-16).
16
Let b(r) = 187*r - 3358. Calculate b(18).
8
Let t(h) = h**3 - 21*h**2 - 99*h - 764. Determine t(26).
42
Let k(r) = r**2 - 618*r + 126. What is k(0)?
126
Let y(u) = -u**2 + 130*u + 1679. Give y(-12).
-25
Let x(v) = -638*v - 2516. Calculate x(-4).
36
Let v(u) = u**3 - 8*u**2 + 50*u - 523. Determine v(9).
8
Let g(l) = -548*l + 85490. Calculate g(156).
2
Let n(f) = -16*f + 457. Determine n(27).
25
Let r(n) = -8*n**2 + 303*n - 1720. Determine r(7).
9
Let j(s) = s**3 + s**2 - 71*s - 247. Calculate j(-5).
8
Let o(b) = b**3 + 13*b**2 - 5*b + 7. What is o(-3)?
112
Let f(k) = 2*k**2 + 28*k - 342. What is f(-23)?
72
Let n(m) = 7*m + 90. Give n(-21).
-57
Let b(c) = 181*c + 3440. Give b(-19).
1
Let c(z) = 2*z**2 + 39*z - 162. Determine c(-23).
-1
Let z(y) = 5*y - 180. What is z(49)?
65
Let o(g) = -2779*g - 8331. Determine o(-3).
6
Let v(o) = -20*o**2 - 219*o - 12. What is v(-11)?
-23
Let x(z) = 3*z - 339. Calculate x(9).
-312
Let c(p) = 393*p + 2743. Give c(-7).
-8
Let n(m) = m**2 + 43*m - 175. Determine n(-45).
-85
Let j(l) = -l**2 - 34*l - 41. Calculate j(-9).
184
Let c(h) = h**2 - 14*h + 280. What is c(15)?
295
Let b(c) = c**2 + 72*c + 960. What is b(-28)?
-272
Let m(q) = -5*q**2 + 61*q - 121. Give m(10).
-11
Let s(k) = -3*k**2 - 188*k + 2169. Give s(10).
-11
Let a(x) = -23*x**2 - 181*x + 17. Give a(-8).
-7
Let j(x) = x**3 + 37*x**2 + 74*x + 167. What is j(-35)?
27
Let t(h) = 2062*h - 10284. Determine t(5).
26
Let g(o) = -4*o + 547. What is g(21)?
463
Let o(h) = -232*h - 471. Determine o(-2).
-7
Let l(p) = -7*p + 17. What is l(13)?
-74
Let w(c) = c**3 - 3*c**2 - 5*c + 18. What is w(0)?
18
Let b(p) = -p**2 - 13*p - 19. What is b(-10)?
11
Let k(o) = o**3 + 53*o**2 - 84*o - 1632. Give k(-54).
-12
Let f(a) = 17*a - 498. What is f(31)?
29
Let l(w) = w**3 + 9*w**2 - 6*w - 35. Determine l(-3).
37
Let y(i) = i**3 - 57*i**2 - 47*i - 515. What is y(58)?
123
Let s(m) = -m**3 - 17*m**2 - 67*m - 544. What is s(-14)?
-194
Let l(b) = 2*b**2 + 135*b - 214. What is l(-70)?
136
Let s(t) = -t**3 - 5*t**2 - 57*t - 220. Calculate s(-4).
-8
Let b(c) = -475*c + 118285. What is b(249)?
10
Let z(n) = n**3 - 12*n - 21. Determine z(-5).
-86
Let o(j) = -832*j + 4111. What is o(5)?
-49
Let h(t) = -3*t**2 - 26*t + 109. Calculate h(3).
4
Let i(m) = 2*m**3 + 50*m**2 + 73*m + 448. Calculate i(-24).
-152
Let m(o) = 31*o**2 + 71*o + 20. Give m(-2).
2
Let h(u) = u**2 + 69*u + 575. Calculate h(-49).
-405
Let t(x) = x**3 - 51*x**2 + 2*x - 76. Calculate t(51).
26
Let w(l) = -2*l**3 - 76*l**2 - 5*l + 35. Give w(-38).
225
Let s(v) = -v**3 - 25*v**2 + 29*v + 82. What is s(-26)?
4
Let x(r) = -r**3 + 8*r**2 + 2*r - 58. Calculate x(8).
-42
Let n(s) = 3*s**2 + 8*s - 126. Calculate n(0).
-126
Let v(o) = -o**2 - 79*o + 885. Calculate v(12).
-207
Let m(z) = -2*z**2 - 11*z + 6671. Give m(55).
16
Let d(x) = 61*x + 3530. What is d(-58)?
-8
Let g(o) = o - 173. Determine g(185).
12
Let m(d) = -d**3 - 58*d**2 + 61*d + 86. Calculate m(-59).
-32
Let f(q) = q**3 - 34*q**2 - 28*q - 241. Determine f(35).
4
Let n(z) = -2*z**2 + 44*z - 245. What is n(14)?
-21
Let g(o) = -o**3 - 14*o**2 - 35*o + 55. Give g(-9).
-35
Let a(r) = -10*r**3 - 151*r**2 - 11*r + 88. Determine a(-15).
28
Let v(w) = -w**3 + 7*w**2 - 54*w + 248. Calculate v(6).
-40
Let p(b) = 54*b + 21. Calculate p(-4).
-195
Let h(s) = s**2 + 111*s + 922. Determine h(-9).
4
Let s(v) = v**2 - 22*v - 93. Give s(27).
42
Let q(g) = -13*g**2 + 79*g - 8. What is q(6)?
-2
Let w(g) = -3*g**3 + 38*g**2 + 52*g + 63. Calculate w(14).
7
Let c(o) = 96*o + 1635. Determine c(-17).
3
Let w(p) = -9*p + 675. Determine w(61).
126
Let x(q) = -q**3 + 67*q**2 - 119*q - 708. Determine x(65).
7
Let p(r) = 3*r**3 + 126*r**2 + 130*r + 292. Determine p(-41).
5
Let c(t) = 1814*t + 16335. Give c(-9).
9
Let a(q) = 2*q**3 - 12*q**2 - 47*q - 18. What is a(-3)?
-39
Let i(k) = -k**2 + 54*k - 465. What is i(12)?
39
Let x(f) = f**3 - 19*f**2 + 88*f - 14. Calculate x(14).
238
Let i(m) = -3*m**2 - 217*m - 878. Give i(-68).
6
Let u(z) = -892*z + 9809. Calculate u(11).
-3
Let g(i) = -i**3 + 80*i**2 - 159*i + 255. What is g(78)?
21
Let v(x) = x**2 + 16*x - 100. What is v(5)?
5
Let g(q) = -161*q + 1239. Give g(7).
112
Let b(s) = 2*s**2 - 6*s - 443. Give b(-13).
-27
Let f(d) = -d**3 + 11*d**2 + 7*d - 128. Give f(8).
120
Let l(a) = -3*a**3 - 5*a**2 + 15*a + 17. Determine l(-2).
-9
Let r(y) = 389*y + 69. Calculate r(-2).
-709
Let v(a) = -3226*a - 25816. Determine v(-8).
-8
Let d(m) = 193*m - 801. Give d(1).
-608
Let v(d) = -d**3 + 10*d**2 + 143*d + 64. Determine v(18).
46
Let y(z) = -6*z + 340. Determine y(57).
-2
Let j(d) = 154*d**2 - 926*d - 13. Determine j(6).
-25
Let l(i) = -458*i + 6876. Give l(15).
6
Let z(n) = -369*n + 3698. What is 